mainder when 535 is divided by ((-105)/28 - (-6)/8)/((-6)/158)?
61
Let w(a) = -38*a + 1874. Calculate the remainder when w(35) is divided by 91.
89
Let x(i) = -i**3 + 86*i**2 - 329*i + 131. Calculate the remainder when 127 is divided by x(82).
29
Let k = 1402 + -758. Calculate the remainder when k is divided by 166.
146
Let n = 25917 + -25839. What is the remainder when 317 is divided by n?
5
Suppose m = -10 + 37. Let j = -56 - -162. Calculate the remainder when j is divided by m.
25
Let w(a) = -1117*a + 53 + 1122*a - 6. Let y(j) = j**2 - 5*j - 6. Let b be y(7). Calculate the remainder when w(b) is divided by 9.
6
What is the remainder when 1995 is divided by (-2)/7 + 1 + (-15290)/(-154)?
95
Let g(t) = -t**2 - 26*t - 42. Let w be g(-24). Suppose -w*f - 64 = -7*f - 2*o, 3*f - 164 = o. What is the remainder when 111 is divided by f?
55
Suppose 2*l + 162 = 2*a + 118, 3*a + 2*l - 61 = 0. Calculate the remainder when 1489 is divided by a.
19
Suppose 9083 = 59*a + 5732 - 25972. What is the remainder when a is divided by 28?
21
What is the remainder when 932 is divided by (6 + 68/(-12))*1*123?
30
Suppose 3*h = -u + 82040, 50*u = -4*h + 47*u + 109395. What is the remainder when h is divided by 242?
241
Let i(a) = -a**3 + 2*a**2 + 6*a + 3. Let b be i(4). Let y(z) = -28*z - 116. What is the remainder when y(b) is divided by 10?
4
Suppose 25*b - 18040 = -16*b + 19598. Calculate the remainder when b is divided by 16.
6
Suppose 14*u + 50 = c + 19*u, 6*u - 78 = -3*c. What is the remainder when 2036 is divided by c?
6
Let f(l) = 20*l - 1266. Calculate the remainder when 1119 is divided by f(64).
13
Let j = -109 - -287. Suppose -3*i = 5*x - 274, -j = -3*x + 2*i + 3*i. Suppose -4*o - 12 = -x. Calculate the remainder when 18 is divided by o.
7
Suppose -3*d - 14*d = -0*d - 4964. Calculate the remainder when 3514 is divided by d.
10
Suppose -4*s = -294 - 90. Suppose 2*m - 16*v - 390 = -114, v + 14 = 0. What is the remainder when s is divided by m?
18
Suppose 0 = 4*g + 8, 201 = 8*f - 3*f - 3*g. Suppose -9*a = a - 2370. Let z = -160 + a. Calculate the remainder when z is divided by f.
38
Suppose 2*f + 46 = 5*h, 2*h - h - 6 = 2*f. Suppose -2 = 6*y + h. Calculate the remainder when 2*(y + 1) + (-276)/(-4) is divided by 14.
11
Let j(v) = -60*v**2 - 8943*v - 340. What is the remainder when j(-149) is divided by (3/4)/(3/72)?
17
Let i(a) = 3*a**2 - 239*a - 1434. Calculate the remainder when i(89) is divided by 349.
11
Let o = -146 + -238. Let b = -294 - o. What is the remainder when b is divided by 47?
43
Let q(n) = 13*n - 13. Let c be q(2). Suppose -3*f = 12, 328 = -10*h + c*h + 5*f. What is the remainder when h is divided by 10?
6
Let z = 73 + -35. Let p(f) = -12*f + 21. Calculate the remainder when z is divided by p(0).
17
Let c(i) = -i**2 - 7*i - 8. Let u be c(-5). Suppose -4 + 20 = u*j. Calculate the remainder when 17 + -15 - (0 - 10) is divided by j.
4
Suppose -68*a + 58619 = -11965. Calculate the remainder when a is divided by 104.
102
Suppose -19*b + 3287 = -6422. What is the remainder when b is divided by 24?
7
Let h(d) = d**3 - 10*d**2 + 19*d - 16. Suppose -3*n = -5*n + 4. Suppose -n*p + 18 = -20. Calculate the remainder when p is divided by h(8).
3
Let s = -1361 - -2964. What is the remainder when s is divided by 799?
5
Suppose 2*b + 50 = 2*f - 2*b, -118 = -4*f - b. Suppose 8*c - 3 = 173. Suppose -23 - c = -3*r. Calculate the remainder when f is divided by r.
14
Let a = -1807 + 1849. Calculate the remainder when a is divided by 30.
12
Suppose 0 = -2*v - 4, 58 = 5*p + 5*v + 8. Let i = 16 - p. Suppose -4*s + 170 - 13 = 5*k, -i*k - 5*s + 131 = 0. Calculate the remainder when 113 is divided by k.
26
Let y(d) = -11*d. Let l be 6 + (-7)/(-3)*-3. Calculate the remainder when 29 is divided by y(l).
7
Suppose 0 = 4*y + 11 - 23. Suppose 0*v + v + 3 = 0, 0 = -4*c - y*v + 87. What is the remainder when 35328/(-128)*1/(-3) is divided by c?
20
Let f(x) = 28*x**3 - 4*x + 5. What is the remainder when f(2) is divided by 115?
106
Suppose 3*w - 33 + 11 = -a, 3*a - 4*w = 27. Suppose a*n = 18*n + 15. What is the remainder when (n/2)/(39/(-572)) is divided by 6?
4
Let v(o) = -634*o + 5191. Calculate the remainder when v(7) is divided by 210.
123
Suppose -5*j + 212 = -3*j + w, 4*j + 3*w - 428 = 0. Suppose 10*d - 15*d = 25, 3*y = 4*d + j. What is the remainder when 167 is divided by y?
27
Let r(z) = 24*z**2 - 407*z - 1. Let i be r(17). Let f(o) = -832*o + 1. Let h be f(-2). Suppose -i*v = -v - h. Calculate the remainder when v is divided by 23.
19
Suppose -4*n + 2 = -f - 35, -5*n = -3*f - 90. Suppose -29*a = -30*a - 36. Let d = f - a. Calculate the remainder when 21 is divided by d.
10
Let u(n) = -9*n - 131. Let w be u(-15). Suppose 197 = 3*m - w*j, -3*m + 5*j + 234 = 38. Calculate the remainder when m is divided by 20.
7
Let i = 1987 - 1364. Calculate the remainder when i is divided by 58.
43
Suppose -3*k + 38 = 2*q, -5*q + 2*k - 595 + 690 = 0. Calculate the remainder when (-2)/(-4) - (-450)/4 is divided by q.
18
Let k(x) = -x**2 + 5*x + 6. Let r be k(6). Let t = r + 14. Let u = 136 + -81. Calculate the remainder when u is divided by t.
13
Let u = 36 - 0. Let y(o) = -6*o**3 + 43*o**2 - 5*o + 7. Let d = 25 + -18. Calculate the remainder when u is divided by y(d).
15
Let f(x) be the first derivative of 5*x**4/4 + x**3/3 + 3*x**2/2 - 3*x + 1. Suppose u = 2*b, -3*b + 6 = 3. Calculate the remainder when f(u) is divided by 8.
7
Let u = 4175 + -3663. Calculate the remainder when u is divided by 73.
1
Let s = -3659 + 3699. Calculate the remainder when 3475 is divided by s.
35
Let a(l) = l**2 + 67*l + 164. Calculate the remainder when a(-76) is divided by 299.
250
Suppose 65501 - 5921 = 18*f. Calculate the remainder when (f/9 + (-2)/(-9))/1 is divided by 22.
16
Calculate the remainder when 897 is divided by (820/(-100))/((-1)/5).
36
What is the remainder when (-348080)/(-1330) - (-6)/21 is divided by 2?
0
Let m(c) be the second derivative of -c**4/12 + 19*c**3/6 - 3*c**2 + c. Let v be m(13). Calculate the remainder when 23 is divided by (-5)/(1*-1) - v/(-24).
7
Suppose 0 = -5*y + 3*y + 46. Let a(z) = 2*z**2 + 5*z + 2. Let f be a(-2). Suppose -4*w + 237 - 13 = f. Calculate the remainder when w is divided by y.
10
Suppose -23 - 51 = -5*j - 2*b, 24 = 2*j - 2*b. Suppose j*t - 452 = -46. Suppose 10 = g - a - 5, 60 = 4*g - 3*a. Calculate the remainder when t is divided by g.
14
Let y = 323 + -321. Suppose y*u = -4, 0*w + u + 159 = w. What is the remainder when w is divided by 82?
75
Let r(q) = 13*q + 7. Let a(j) = -7*j - 4. Let y(x) = 5*a(x) + 2*r(x). Let o = 44 - 27. Calculate the remainder when y(-8) is divided by o.
15
Suppose -571*y = -502*y - 460161. What is the remainder when y is divided by 1667?
1
Let a = 6717 + -6010. Calculate the remainder when a is divided by 79.
75
Calculate the remainder when 1317 is divided by (-10*(-6)/8)/((-37601)/(-988) - 38).
17
Let m(t) be the second derivative of -t**4/12 - 11*t**3/6 + 10*t**2 - t. Calculate the remainder when 1/((-60)/62 - -1) is divided by m(-12).
7
Let n(l) = 13*l + 41. Let c(s) = 20*s + 61. Let o be 20/(-3)*6/5. Let j(r) = o*n(r) + 5*c(r). Calculate the remainder when j(-14) is divided by 12.
9
Suppose -5*w = 2*u - 90, 4*u - 2*w = 2*w + 208. Calculate the remainder when u is divided by 725/65 + -4 + (-150)/(-39).
6
Suppose 59*b = 8816 + 4931. Suppose 0 = 6*w - 4*w - 52. Calculate the remainder when b is divided by w.
25
Suppose -49*d = -27*d - 748. Suppose -9*t + 11 = -d. Suppose 0*n - n + 103 = 0. Calculate the remainder when n is divided by t.
3
Let f(z) = 49*z + 411. Let h(n) = 6*n + 51. Let x(v) = 6*f(v) - 51*h(v). What is the remainder when 137 is divided by x(-13)?
11
Suppose 10*k + 7616 = 5*k + 39*k. Calculate the remainder when 5375 is divided by k.
223
Let z = 170 + -165. Suppose -4*y = z*s - 57, y = -s - s + 24. Calculate the remainder when 62 is divided by s.
10
Suppose -4*o + 324 = -0*o. Let b = -96 + 100. Calculate the remainder when o is divided by (5 - (b + 1)) + 12.
9
Suppose -9*z + 1292 - 425 = 8*z. What is the remainder when 3415 is divided by z?
49
Let f(u) = -2*u**2 + 31*u - 8. Calculate the remainder when 2548 is divided by f(10).
100
Calculate the remainder when 3723 is divided by 114*(-20)/(-126) + 12 + (-1524